ns digit of a(-82)?
7
What is the hundreds digit of (-17221638)/171*24/(-28)?
3
Suppose 0 = -3*w - 3*w + 234840. What is the units digit of (2/4*5)/(206/w)?
5
Suppose -247*h - 253*h + 13701 = -497*h. What is the units digit of h?
7
Let j = 46 + 119. Let c = j - 8. What is the tens digit of c?
5
Let z = 8 + -5. Suppose -1604 = -z*f - 428. What is the tens digit of f?
9
Suppose -z = c - 6, 3 = -144*c + 145*c - 2*z. Suppose -3*o = 3*m - 885, c*m - 486 = -3*o + 403. What is the units digit of o?
3
Let q(f) = 4*f - 13. Let v be q(4). Let w(c) = -v*c - 3*c**3 + c**2 + c**3 + 4*c**3 + c**3. What is the units digit of w(3)?
1
Suppose -1201941 = -123*o + 6*o. What is the units digit of o?
3
Let f(u) = -u**3 - 7*u**2 - 6*u + 4. Suppose -4*k = -k + 18. Let h be f(k). Suppose -h*i = -5*m - 11, 3*i + 3*m + 2 = 17. What is the units digit of i?
4
Let h(r) = -2*r**2 - r**3 - 9*r + 12 - 14 + 3*r**3. Let w be h(5). What is the hundreds digit of (-2)/((-12)/w)*6?
1
Suppose -2*w + 25279 = -8690 + 289. What is the thousands digit of w?
6
Suppose -7*i + 226 + 572 = 0. Suppose -2*w - i = -4*w. Suppose -2*m = -2*c - 92, 2*m = 4*m + 5*c - w. What is the tens digit of m?
4
Let f(q) = 7*q**2 - 3*q - 19. Let l(o) = -15*o**2 + 6*o + 39. Let s(j) = 13*f(j) + 6*l(j). What is the tens digit of s(-8)?
7
Let g = 13357 + -3581. What is the hundreds digit of g?
7
Let u(z) = -2*z**2 + 16*z - 8. Let o be u(7). Let w(i) = i**3 + 15*i - 9. What is the units digit of w(o)?
7
Let v = -68558 - -101033. What is the tens digit of v?
7
Let j(n) = n - 2. Let c = -72 - -112. Suppose -4*t + c = t. What is the units digit of j(t)?
6
Suppose 55*j - 20*j = 3*j + 445312. What is the units digit of j?
6
Suppose -6*b + 19 = -833. What is the hundreds digit of b?
1
Suppose -1056*c - 6662 + 1327 = -1111*c. Let x = -145 + 252. Suppose c = 2*t - x. What is the tens digit of t?
0
Let s = -66 + 67. Suppose 25 = 4*g + s. What is the units digit of g?
6
Suppose -84*m = -82*m - 45552. Suppose -27*i + m = -3*i. What is the units digit of i?
9
Let x = 128 - 20. Suppose 2*t + x = 3*p + 15, 5*p - 2*t - 155 = 0. What is the units digit of p?
1
Suppose -9*v = -982 + 4042. Let c = -222 - v. What is the tens digit of c?
1
Suppose 72033 = 3*i + 347*v - 350*v, -5*i + 120001 = 4*v. What is the hundreds digit of i?
0
Let f be 3*-1 + (-2 - -4). Let q be 6 + (5 - 28/7). What is the units digit of q/(f/(2/(-2))*1)?
7
Let a = -1283 - -1614. Suppose 4*d + 569 = -3*q, 0 = -3*q - d - d - 577. Let u = a + q. What is the hundreds digit of u?
1
Suppose -14*b = -15*b + 34. Suppose 23*u - b*u + 8679 = 0. What is the tens digit of u?
8
Let s = -181 - -115. What is the hundreds digit of (-4 + -20)*s/8?
1
Suppose -142*d + 147*d - 8022 = v, -3*d = -5*v - 4822. What is the thousands digit of d?
1
Suppose 5*x + 4*m = 10*x + 5, -2*x - 3*m - 2 = 0. Let r be ((2 - x)/3)/(2/1054). Suppose -3*o + r = -i, 0 = 4*i + 8. What is the tens digit of o?
7
Suppose -2*p - 2*l - 10 = -7*l, 5*l = -p - 35. Let q be (p/(-2))/((-39)/(-26)). Suppose 0 = q*s + 3*i - 84, 5*s + 0*s - 5*i = 60. What is the tens digit of s?
1
Suppose 215152 = -25*h + 649052. What is the tens digit of h?
5
Let z = -693 + 2379. Let o = z + -1010. What is the units digit of o?
6
Let f = -6035 + 9217. What is the tens digit of f?
8
Suppose -19*t + 71543 = -79469. What is the tens digit of t?
4
Suppose 16 = 12*t - 116. Suppose -3790 - 1600 = -t*k. What is the hundreds digit of k?
4
Let w(k) = k**3 - 2*k**2 - 25*k + 57. Let g = 635 + -625. What is the hundreds digit of w(g)?
6
Let b(p) = -33*p**3 - 71*p**2 - 16*p + 8. What is the hundreds digit of b(-7)?
9
Let l(n) = 212*n**3 + 2*n**2 + 22*n - 64. What is the tens digit of l(4)?
2
Suppose 3*r = -3*k + 1575 + 2808, -4*r - 5868 = -4*k. Let u = -466 + k. What is the units digit of u?
8
Suppose 4*d - 2056 = 2*d. Suppose 6*s - s = -3*r + 1724, 0 = 3*s + 5*r - d. What is the tens digit of s?
4
Let j(a) = -1302*a + 367. Let v be j(-4). Let w(s) = -5*s - 5. Let o be w(-9). What is the units digit of v/o + 12/(-32)?
9
Let z(w) = -657*w + 557. What is the units digit of z(-5)?
2
Let b(i) = -91*i - 306. Let u(x) = 47*x + 153. Let h(w) = -2*b(w) - 5*u(w). What is the units digit of h(-18)?
1
Suppose 214*o = 505495 + 1304945. What is the tens digit of o?
6
Let x(g) = g**3 + 5*g**2 - 6*g - 6. Let h be x(-5). Let k = h - 23. Let b(s) = -s + 3. What is the units digit of b(k)?
2
Suppose -2*g + 138 = 4*r, 5*g - 170 = -2*r - 3*r. Suppose -3*n + r = 8. Suppose n*y = -66 + 300. What is the units digit of y?
6
Let r(i) = 2*i**2 + 9*i - 34. Let h = -86 + 93. What is the tens digit of r(h)?
2
Let s be 15*(-5 + 343/21). Suppose 0 = -s*g + 178*g - 2424. What is the units digit of g?
3
Let m(p) = 5*p + 28. Let d be m(-5). Let j be 0/((-20)/4 + d). Suppose 2*a + 4*n - 128 = j, 0 = 4*a - 3*n - 169 - 109. What is the tens digit of a?
6
Suppose -1701 = 4*o - 353. Let b = o - -511. What is the hundreds digit of b?
1
Let y = -80 - -72. What is the tens digit of y/((21/(-105))/(2/5))?
1
Let h(v) = 2*v**2 + 25*v + 16. Let p be h(-12). Suppose -n - p*g + 2364 = 3*n, 5*g = -n + 579. What is the tens digit of n?
9
Let t(v) = 3*v**2 - v + 5. Let x be t(-3). Suppose 0 = 5*l + 5*u - x, -u - 41 = -6*l + l. Suppose 5*c - 22 = l. What is the units digit of c?
6
Suppose -54177 = 18*r - 23*r + 248. What is the hundreds digit of r?
8
Let s = -49895 - -73748. What is the hundreds digit of s?
8
Let t = -3223 + 6976. What is the tens digit of t?
5
Let m(y) = -56*y - 22. Let i be m(-5). Suppose 5*l - i = 62. Suppose l = -0*r + r. What is the units digit of r?
4
Let f(w) = -331*w - 7. Let a be f(-2). Suppose 0 = -4*h - h - 25, 0 = -5*g + 5*h + a. What is the tens digit of g?
2
Suppose 4*h + 0*h + 432 = 0. Suppose -50*z + 2901 = 15001. Let t = h - z. What is the hundreds digit of t?
1
Let h = 1118 - -256. What is the hundreds digit of h?
3
Let j = 155 + -38. Suppose -5*w - 218 = 65*v - 61*v, w = 4*v + 230. Let g = j + v. What is the units digit of g?
0
Suppose -4*t - 632 = -5204. Let p = 504 + t. What is the units digit of p?
7
Let k be (74/(-111))/(1/(-6)). Suppose -1982 = -k*r + 1570. What is the hundreds digit of r?
8
Let o(c) = c**3 + 23*c**2 + 54*c - 28. Let a be o(-19). Let q = 1075 - a. What is the tens digit of q?
8
Let p be 0 + 8/((-40)/195). What is the units digit of (-9)/((-27)/p)*-36?
8
Let c = -29449 + 41923. What is the units digit of c?
4
Let i(u) = 43*u**3 - 7*u**2 - 20*u + 165. What is the hundreds digit of i(8)?
5
Suppose -153*b = -94*b - 586224. What is the hundreds digit of b?
9
Let a(f) = -2*f**3 + 13*f**2 - 80*f - 116. What is the ten thousands digit of a(-18)?
1
Let s = -742 - -754. Let p(t) = -t**3 + 12*t**2 + 4*t - 30. Let d(g) = g**2. Let u(k) = 2*d(k) + p(k). What is the units digit of u(s)?
6
Let z(j) = -3*j + 16. Suppose 4*k - 2*b - 38 = 0, -28 = -2*k - b - b. Let d(w) = w**2 + 16*w - 80. Let m(f) = k*z(f) + 2*d(f). What is the tens digit of m(-6)?
9
Let k(j) be the first derivative of -j**4/2 - 4*j**3/3 - 7*j**2/2 + 5*j + 53. What is the tens digit of k(-4)?
9
What is the tens digit of 78186 + 8*216/(-192)?
7
Suppose 4*r + 21989 = -5*t + 81082, -73876 = -5*r - 3*t. What is the hundreds digit of r?
7
Suppose -2*g + 63743 = 5*v, v + 0*g - 12751 = -g. What is the hundreds digit of (-32)/(-208) + v/39?
3
What is the thousands digit of (-1185)/(-10)*6/(-45)*-1055?
6
Suppose 0 = -2*w + 2*d + 174550, w + 4*d - 36601 - 50669 = 0. What is the hundreds digit of w?
2
Let w(d) = 1152*d - 2928. What is the tens digit of w(27)?
7
Let y(z) = -z**3 - 5*z**2 - 9*z - 14. Let u be (5 - 10) + (-3 - -3). What is the tens digit of y(u)?
3
Let w = -5 + 19. Let g(b) = -b**3 + 19*b**2 - 25*b + 70. What is the hundreds digit of g(w)?
7
Suppose 99*v - 4256271 - 3579165 = -105*v. What is the units digit of v?
9
Let v(j) = 280*j**3 + 15*j**2 + 3 - 2*j - 5 - 14*j**2 + 3. Let a be v(1). Suppose 48 + a = 4*b. What is the tens digit of b?
8
Suppose -35*s + 523922 = 194292. What is the tens digit of s?
1
Suppose -6*u + 4*u - t = -21, 2*u - 3*t - 25 = 0. Suppose -11*x - u = -55. What is the units digit of x?
4
Suppose 13*o = 33*o + 40. What is the units digit of 23380/24 - o/(-12)?
4
Let z(p) = -252*p - 100. What is the tens digit of z(-6)?
1
What is the tens digit of (6 - -1) + (52